 - 8*x + 5. What are the prime factors of q(10)?
5
Let f(n) = 6*n. Let s be f(2). Suppose -2*h - h - s = 0. Let j = 18 + h. What are the prime factors of j?
2, 7
Let r = 2 + 1. Suppose 8*m - r*m + 10 = 0. What are the prime factors of 10*-2*m/5?
2
Let a(p) = 8*p**2 + 7*p + 4. List the prime factors of a(6).
2, 167
Let z(a) = a + 3. Let p be z(-3). Suppose p*y - m - 14 = -y, -2*y + 32 = -3*m. List the prime factors of y.
2, 5
Let c be ((-3)/((-9)/6))/1. Suppose -c*t - 2*t + 32 = 0. What are the prime factors of t?
2
Let l = 0 + 5. Let u = l - -2. What are the prime factors of u?
7
List the prime factors of 26*(-2)/(-5 - -1).
13
Suppose 3*s = 4*s - 1. Let k = s - 0. Suppose -r = -k - 3. List the prime factors of r.
2
Let c(y) = y**2 - 8*y + 3. What are the prime factors of c(11)?
2, 3
Let l = -9 + 33. Suppose l = 2*j + 8. List the prime factors of j.
2
Suppose -4*i = -10*i + 108. What are the prime factors of i?
2, 3
Suppose 3*c = -3*p + 3 - 0, -4*c - 14 = -2*p. Let y = p - -3. What are the prime factors of y?
2, 3
Let v(y) = 29*y + 14. List the prime factors of v(4).
2, 5, 13
Let a = 68 - 29. What are the prime factors of a/(-2)*4/(-6)?
13
Let x = -4 - -6. Suppose -2*n = n + 6, -x*d - n = -70. Let t = -15 + d. List the prime factors of t.
3, 7
Let l = -23 - -44. Let y be ((-36)/l)/((-2)/(-21)). Let d = y - -29. What are the prime factors of d?
11
Suppose 172 = 3*a - 44. What are the prime factors of a?
2, 3
Suppose -16*l = -19*l + 6. What are the prime factors of 13*(l - (-2 - -3))?
13
Let q = -5 + 11. Let v = q - 1. What are the prime factors of v?
5
Let a = -24 - -30. List the prime factors of a.
2, 3
Let i be (12 - 3) + -1 + -2. Suppose 2*p - 2*m = 48 + 20, i = -2*m. List the prime factors of p.
31
Let a(d) = -d**2 - 6*d. Let q be a(-6). Suppose 3*r - r - 6 = q. Suppose 2*m - 7 - r = s, 5*m - 35 = 5*s. List the prime factors of m.
3
What are the prime factors of 993*9/33 - (-6)/33?
271
Let o(l) be the third derivative of -l**4/24 + 7*l**3/6 - 2*l**2. List the prime factors of o(-7).
2, 7
Suppose -5*x = -x. Suppose x = -5*c + c + 44. What are the prime factors of c?
11
Let t = 5 + -11. Let m(s) = -s**2 - 8*s - 6. List the prime factors of m(t).
2, 3
Let d = 47 - 19. What are the prime factors of d?
2, 7
Let n(j) = j. Suppose 0 = -5*h - 4*w + 37, -1 = -h - w - 3*w. List the prime factors of n(h).
3
Suppose 0 = -r + 3*s - 4*s + 7, 4*s = 0. Let v be r + -26 - (1 - 2). List the prime factors of (-4)/v - (-183)/27.
7
Let w = 12 - -4. What are the prime factors of w?
2
Let k(i) = i**2 + 6*i + 4 + 1 - 7*i**2 + i**3. Let v be k(5). Suppose -3*f + 2 = -v. What are the prime factors of f?
2
Suppose -2*s + 11 = s + w, 2*w - 18 = -4*s. Suppose -3*i - s*p = 21 - 57, -48 = -4*i + p. What are the prime factors of i?
2, 3
Let t = 43 - 20. What are the prime factors of t?
23
Let o = 14 + -5. Suppose 6 = 2*g + 5*j, 3*g - 5*j = -2*j + o. Suppose -3*f = 3*x - 54, -g*f + 2*f = 3*x - 24. What are the prime factors of f?
3, 5
Let b(g) = -g**3 + 15*g**2 - 11*g. Let p be b(14). List the prime factors of (p/2)/(3/7).
7
Let j = 2 + 0. Let w = 2 + j. Suppose 0 = 3*n + 3*a - 30, -6 = w*n - 5*a - 1. What are the prime factors of n?
5
Let x(n) = 33*n - 6. What are the prime factors of x(3)?
3, 31
Suppose 2*l - 2 - 6 = 0. Suppose -l*z - 71 = -5*i, 64 = -0*i + 4*i - 5*z. What are the prime factors of i?
11
Let s(x) = x**2 - 5*x - 17. What are the prime factors of s(8)?
7
Let r(g) = 2*g**3 + 11*g**2 - 3*g + 7. Let v(i) = 5*i**3 + 33*i**2 - 8*i + 20. Let d(o) = -8*r(o) + 3*v(o). List the prime factors of d(11).
2
Let s(c) = -c**3 + 3*c**2 + c - 2. Let a be s(2). Suppose -a*n - 2*z + 36 = 2*z, n + 3*z = 17. What are the prime factors of n?
5
Suppose -14*l - 90 = -19*l. List the prime factors of (-1)/(-6) + 519/l.
29
Let l(n) = -n - 11. Let k be l(-9). List the prime factors of k + 4 + (-10)/(-2).
7
Let t(u) = -u**2 + 6*u + 9. Let s be t(7). Let m = 51 - 29. Suppose 5*c + 9 = -5*g + 94, s*g = c + m. What are the prime factors of g?
13
Let y(s) = -3*s - s**2 + 0*s - s**3 + 0*s**2 + 2*s + 18. List the prime factors of y(0).
2, 3
Let q be 3/9 - 38/6. Let d be ((-1)/(-2))/((-1)/q). Suppose -n - d = -14. List the prime factors of n.
11
Suppose -5*v - 57 = -r - 0, 6 = 3*r. Let b = -7 - v. Suppose 23 = 4*s + i - 5, i = b. List the prime factors of s.
2, 3
Suppose -4*g + 5*h = -6*g + 146, 0 = h + 2. List the prime factors of g.
2, 3, 13
Let b be -3 + 6 - (-4)/(-4). Suppose 0 = -b*d + 2, 3*m - 5*d = -0*m + 31. What are the prime factors of m?
2, 3
Let h(w) = -w**3 - w**2 + w - 8. Let f be h(0). Let q = f - -16. List the prime factors of q.
2
Let u(n) = 21*n**2. Let v be u(-1). Let g = v + 3. List the prime factors of g.
2, 3
Let p be (-1)/((10/(-4))/5). Suppose p*a - 33 = 9. List the prime factors of 7/(a/36) + -2.
2, 5
Let u = 65 + -14. What are the prime factors of u?
3, 17
Suppose 7*c = 2*c + 4*n + 10, -2*n - 4 = -3*c. What are the prime factors of (-3 + -1 + -3)*c?
2, 7
Suppose -2*m - 5 + 13 = 0. Let g(u) = u**3 - 2*u**2 - 6*u + 1. List the prime factors of g(m).
3
Let h = 133 - 88. List the prime factors of h.
3, 5
Let n = 73 - -69. What are the prime factors of n?
2, 71
Let c be (8 + -6)*(-1)/(-2). What are the prime factors of ((-12)/(-36))/(c/9)?
3
What are the prime factors of (-34)/(-4) + (0 + 2)/4?
3
Let b be (5/(-10))/((-2)/(-4)). List the prime factors of (-2 - (0 - b))*-1.
3
Let u be 90/72 + 2/(-8). What are the prime factors of ((-39)/5)/(u/(-5))?
3, 13
Let w(o) = -3*o - 3. Let f be w(-3). Let a be (0 + 24/(-9))*f. Let i = a + 25. List the prime factors of i.
3
Suppose 20*u - 338 = 142. List the prime factors of u.
2, 3
Let d(c) be the first derivative of -1/3*c**3 - 11/2*c**2 + 3 + 2*c. List the prime factors of d(-10).
2, 3
Let s = -16 - -19. What are the prime factors of 1 + 51 + (-12)/s?
2, 3
Let h(s) = -s**2 - 5*s - 3. Let i(r) = -r + 5. Let t be i(7). Let g be 18/(-10) + t/10. What are the prime factors of h(g)?
3
Suppose 0 = 2*w - 3*r - 93, -2*w + 23 = -5*r - 80. What are the prime factors of w?
3, 13
What are the prime factors of (0 - -139) + (-4 - 0/(-3))?
3, 5
Suppose z + 4*z = -d - 70, -4*z + 437 = -5*d. Let n = 128 + d. What are the prime factors of n?
43
Suppose -4*l = 81 - 245. What are the prime factors of l?
41
Let r(b) = b**3 + 7*b**2 + 5*b + 1. Let l be r(-6). Suppose 0 = 4*k + 4*q - 4, -2*k + 4*q + 2 = l*q. List the prime factors of ((-11)/(-3))/(k/3).
11
Suppose -3306 = -9*n - 1083. List the prime factors of n.
13, 19
Let w = -9 + 7. Let o(d) = d**2 - d + 2. Let r be o(w). Let a = r + -6. List the prime factors of a.
2
Let b(t) = -26*t**2 - 1. Let o be b(-1). Let u = 30 + -49. Let f = u - o. List the prime factors of f.
2
Let q = -58 + 128. What are the prime factors of q?
2, 5, 7
Let m(d) = d**3 + 4*d**2 + d + 1. Let q be m(-2). Let o = 2 - q. Let t = -3 - o. What are the prime factors of t?
2
Let y = 1 + -1. Suppose 4*a + l = 72, y*a - a = -4*l - 18. List the prime factors of a.
2, 3
Suppose 28 = -3*j - 17. What are the prime factors of -6 - (-9)/3 - j?
2, 3
Let u be ((-3)/2)/(6/(-8)). Suppose -2*o + 52 = u*o. List the prime factors of o.
13
Let p(g) = -g**2 - 7*g + 11. List the prime factors of p(-7).
11
Suppose -2*n = -7 + 1. What are the prime factors of n?
3
Suppose -34*u - 376 = -38*u. What are the prime factors of u?
2, 47
Let n be (-2 + 3)*(50 - 3). Suppose 3*f = -x + 8 - 3, 3*f - n = -4*x. List the prime factors of x.
2, 7
Suppose r + 0 = 23. List the prime factors of r.
23
Let d = -12 + 22. What are the prime factors of d?
2, 5
Let y = 5 - 6. Let g be (1 + y)/(2 - -1). Suppose -5*j + j + 16 = g. List the prime factors of j.
2
Suppose -3*q + 36 = 12. Let n = -3 + q. What are the prime factors of n?
5
Suppose -166 = -2*w - 2*l, 5*w - 276 = 2*l + 174. List the prime factors of w.
2, 11
Suppose 5*n - 3*q = 18, -5*n + n + 9 = 3*q. Let j be (-130)/(-8) - 3/12. Suppose n*l + l = j. What are the prime factors of l?
2
Suppose 21 = 4*g + 1. Suppose -5*d = -2*h - 3, 4 + 6 = 5*d + g*h. Suppose 0 = x - d + 4, 2*y - 17 = -x. What are the prime factors of y?
2, 5
Let h = 7 + -5. Let x(g) = 6*g**2 - 3*g. What are the prime factors of x(h)?
2, 3
Let w be 3/15 - 11/5. Let c be (0 - w)/(4/(-10)). Let m = c + 17. List the prime factors of m.
2, 3
Suppose -5